he highest common factor of 156453 and 1779168?
1293
Calculate the highest common divisor of 155661385 and 55.
55
Calculate the highest common divisor of 73295 and 265.
5
What is the highest common divisor of 800 and 19209672?
8
Calculate the highest common divisor of 2574 and 6096402.
234
Calculate the highest common factor of 16896 and 1443728.
176
What is the highest common divisor of 1309 and 4741572?
187
What is the highest common divisor of 133007868 and 84?
84
What is the greatest common divisor of 8 and 44035256?
8
Calculate the highest common factor of 20874555 and 6120.
765
What is the highest common factor of 324370 and 1160170?
1990
Calculate the highest common divisor of 5692545 and 1080.
135
Calculate the greatest common divisor of 380 and 676004705.
95
What is the greatest common divisor of 256709 and 66538?
19
What is the greatest common divisor of 249381 and 726?
363
Calculate the greatest common factor of 4248981 and 740674.
2827
Calculate the highest common factor of 992 and 677288.
248
What is the greatest common factor of 392 and 281907094?
98
What is the highest common divisor of 13283194 and 2782?
214
What is the highest common factor of 30036 and 881023461?
7509
Calculate the greatest common divisor of 19234 and 343278.
326
Calculate the greatest common divisor of 7496 and 272.
8
What is the highest common factor of 282367 and 1015939?
2911
Calculate the highest common divisor of 2643732 and 46683.
2457
What is the greatest common divisor of 185182 and 157410?
106
What is the highest common divisor of 23208636 and 396?
132
What is the greatest common divisor of 1871065 and 2415?
35
What is the highest common divisor of 847 and 51794050?
847
Calculate the greatest common factor of 27360 and 954104.
152
What is the greatest common factor of 117099011 and 413?
59
What is the highest common factor of 4580164 and 15380?
3076
What is the highest common factor of 2765 and 430945?
395
Calculate the greatest common factor of 16392 and 39739672.
5464
What is the highest common factor of 576716 and 24682?
602
What is the greatest common factor of 14852186 and 581?
83
What is the highest common factor of 17897118 and 266301?
4227
What is the greatest common factor of 246 and 174630?
6
Calculate the greatest common divisor of 26548969 and 55499.
2921
What is the highest common divisor of 11543939 and 22?
11
Calculate the greatest common factor of 3330 and 11756.
2
Calculate the highest common factor of 4 and 3861104.
4
What is the greatest common divisor of 108969971 and 66?
11
What is the highest common divisor of 52816 and 7936?
16
Calculate the highest common divisor of 108 and 16349724.
36
Calculate the highest common divisor of 356605787 and 61448.
7681
What is the greatest common factor of 14271 and 19631067?
201
Calculate the greatest common factor of 137004 and 6272.
196
What is the highest common divisor of 67 and 50159?
1
Calculate the greatest common factor of 117 and 11769147.
117
What is the greatest common factor of 13017455 and 583?
11
What is the greatest common divisor of 68779 and 73030?
109
Calculate the highest common divisor of 313 and 64697413.
313
Calculate the highest common factor of 4776058 and 1130.
226
Calculate the highest common divisor of 1729014 and 62916.
294
What is the highest common divisor of 1740450 and 2250?
150
What is the highest common divisor of 120250490 and 10?
10
What is the greatest common divisor of 14507445 and 201585?
1335
Calculate the highest common factor of 71414027 and 38.
19
Calculate the highest common divisor of 22301 and 5942063.
769
What is the greatest common divisor of 29202246 and 19515?
3903
What is the highest common divisor of 145794020 and 10?
10
Calculate the greatest common factor of 867358648 and 104.
104
What is the highest common divisor of 11396616 and 8085?
1617
What is the highest common divisor of 7175328 and 410?
82
Calculate the highest common factor of 3432 and 9565413.
429
What is the greatest common factor of 35995596 and 7514?
442
Calculate the highest common factor of 111771 and 16632.
99
Calculate the highest common divisor of 459 and 733131.
27
What is the greatest common divisor of 268023 and 13440?
21
What is the highest common factor of 2259224 and 77?
11
What is the highest common divisor of 821859080 and 35784?
3976
Calculate the highest common factor of 307768 and 2833276.
9052
Calculate the highest common divisor of 54 and 208429290.
18
Calculate the greatest common factor of 487786 and 322879.
73
What is the greatest common divisor of 81247 and 9895597?
719
Calculate the greatest common divisor of 138849712 and 32.
16
What is the highest common divisor of 9883662 and 211?
211
What is the greatest common factor of 359812 and 322?
46
What is the highest common factor of 43902 and 17658?
162
Calculate the greatest common factor of 7489398 and 2898.
966
Calculate the highest common divisor of 3 and 2011278.
3
What is the highest common factor of 586128 and 32880?
48
What is the greatest common factor of 24 and 4950752?
8
What is the greatest common factor of 1258 and 269582?
74
What is the greatest common factor of 26250 and 165842250?
5250
Calculate the greatest common divisor of 3232086 and 858.
858
Calculate the greatest common factor of 7368 and 339336.
24
What is the greatest common factor of 20 and 106713560?
20
What is the greatest common divisor of 4410 and 10476690?
1470
Calculate the highest common divisor of 8420 and 417711148.
1684
Calculate the greatest common divisor of 312807344 and 32.
16
Calculate the highest common divisor of 360 and 1133316.
36
Calculate the greatest common factor of 11386430 and 11968.
374
What is the highest common divisor of 23048 and 2637522?
134
What is the greatest common divisor of 4740 and 1752340?
20
What is the highest common factor of 13 and 6862907454?
13
Calculate the highest common divisor of 4279 and 5745919.
389
Calculate the highest common factor of 20817 and 869.
1
Calculate the greatest common divisor of 10260 and 9747405.
135
Calculate the greatest common divisor of 862644 and 11544.
12
What is the highest common divisor of 3553420 and 312208?
4108
Calculate the greatest common factor of 38750889 and 2303.
47
What is the greatest common divisor of 190456868 and 28?
28
Calculate the greatest common divisor of 11811518 and 19034.
614
Calculate the greatest common divisor of 922110 and 110250.
210
What is the highest common divisor of 1131696 and 1682?
58
What is the greatest common divisor of 25513 and 2820287?
31
What is the greatest common divisor of 391238705 and 260?
65
What is the highest common divisor of 199251 and 80847?
117
What is the highest common divisor of 1152 and 73831248?
144
Calculate the greatest common factor of 357995 and 1900.
5
What is the highest common divisor of 14649000 and 38?
38
What is the greatest common divisor of 8837283 and 819?
273
What is the highest common factor of 22814 and 2550?
34
Calculate the greatest common factor of 431 and 7093398.
431
What is the greatest common divisor of 252069204 and 12?
12
What is the highest common factor of 18772917 and 2509?
193
What is the greatest common divisor of 44 and 268183718?
22
Calculate the greatest common divisor of 1 and 33086671.
1
Calculate the highest common divisor of 318587 and 26660.
1333
Calculate the highest common factor of 18248248 and 1168.
584
Calculate the greatest common factor of 185670 and 3150.
90
What is the greatest common divisor of 16 and 22242248?
8
Calculate the greatest common factor of 9309 and 121231.
107
Calculate the highest common divisor of 116 and 9579019.
29
Calculate the greatest common divisor of 1941310 and 280.
70
Calculate the highest common factor of 4852 and 3223304900.
4852
What is the highest common factor of 301110 and 75765?
15
What is the greatest common factor of 6608848 and 2768?
16
Calculate the highest common factor of 908768 and 38752.
224
What is the highest common factor of 1537655 and 49?
7
Calculate the highest common divisor of 12702 and 165329.
29
Calculate the greatest common divisor of 16 and 812134984.
8
Calculate the greatest common factor of 6705 and 137976831.
1341
Calculate the highest common factor of 31701920 and 15615.
1735
What is the great